{"id":"1375","title":"Deux \u00eatres si diff\u00e9rents","name":"Deux \u00eatres si diff\u00e9rents","description":"229. Deux \u00eatres si diff\u00e9rents","keys":"","content":"229. Deux \u00eatres si diff\u00e9rents","alias":"deux-etres-si-differents","tumble":null,"link":null,"restriction":"off","status":"on","media-theme":"PV","media-abbreviate":"PV","media-id":"229","media-thumble-small":"\/files\/old\/Radio\/Image_PV_portail-compressed.jpg","media-thumble-medium":"\/files\/old\/Radio\/Image_PV_portail-compressed.jpg","media-thumble-large":"\/files\/old\/Radio\/Image_PV_portail-compressed.jpg","media-host":"espoir-media.org","media-host-id":"229","date":"2018-09-26 20:12:34","updated":"2018-09-28 18:24:23","online":null,"type":"audios","benchmark":"0.007212"}

Deux êtres si différents

229. Deux êtres si différents
