{"id":"1430","title":"Une Vie combl\u00e9e","name":"Une Vie combl\u00e9e","description":"284. Une Vie combl\u00e9e","keys":"","content":"284. Une Vie combl\u00e9e","alias":"une-vie-comblee","tumble":null,"link":null,"restriction":"off","status":"on","media-theme":"PV","media-abbreviate":"PV","media-id":"284","media-thumble-small":"\/files\/old\/Radio\/Image_PV_portail-compressed.jpg","media-thumble-medium":"\/files\/old\/Radio\/Image_PV_portail-compressed.jpg","media-thumble-large":"\/files\/old\/Radio\/Image_PV_portail-compressed.jpg","media-host":"espoir-media.org","media-host-id":"284","date":"2018-09-26 20:12:34","updated":"2018-09-28 18:24:23","online":null,"type":"audios","benchmark":"0.009107"}

Une Vie comblée

284. Une Vie comblée
