{"id":"1440","title":"J\u00e9sus est pr\u00eat a porter le fardeau","name":"J\u00e9sus est pr\u00eat a porter le fardeau","description":"294. J\u00e9sus est pr\u00eat a porter le fardeau","keys":"","content":"294. J\u00e9sus est pr\u00eat a porter le fardeau","alias":"jesus-est-pret-a-porter-le-fardeau","tumble":null,"link":null,"restriction":"off","status":"on","media-theme":"PV","media-abbreviate":"PV","media-id":"294","media-thumble-small":"\/files\/old\/Radio\/Image_PV_portail-compressed.jpg","media-thumble-medium":"\/files\/old\/Radio\/Image_PV_portail-compressed.jpg","media-thumble-large":"\/files\/old\/Radio\/Image_PV_portail-compressed.jpg","media-host":"espoir-media.org","media-host-id":"294","date":"2018-09-26 20:12:34","updated":"2018-09-28 18:24:23","online":null,"type":"audios","benchmark":"0.009303"}

Jésus est prêt a porter le fardeau

294. Jésus est prêt a porter le fardeau
