{"id":"1451","title":"Une vie chr\u00e9tienne de l'interieur","name":"Une vie chr\u00e9tienne de l'interieur","description":"305. Une vie chr\u00e9tienne de l'interieur","keys":"","content":"305. Une vie chr\u00e9tienne de l'interieur","alias":"une-vie-chretienne-de-l-interieur","tumble":null,"link":null,"restriction":"off","status":"on","media-theme":"PV","media-abbreviate":"PV","media-id":"305","media-thumble-small":"\/files\/old\/Radio\/Image_PV_portail-compressed.jpg","media-thumble-medium":"\/files\/old\/Radio\/Image_PV_portail-compressed.jpg","media-thumble-large":"\/files\/old\/Radio\/Image_PV_portail-compressed.jpg","media-host":"espoir-media.org","media-host-id":"305","date":"2018-09-26 20:12:34","updated":"2018-09-28 18:24:23","online":null,"type":"audios","benchmark":"0.009076"}

Une vie chrétienne de l'interieur

305. Une vie chrétienne de l'interieur
