{"id":"1478","title":"Qui sommes-nous r\u00e9ellement ?","name":"Qui sommes-nous r\u00e9ellement ?","description":"332. Qui sommes-nous r\u00e9ellement ?","keys":"","content":"332. Qui sommes-nous r\u00e9ellement ?","alias":"qui-sommes-nous-reellement-","tumble":null,"link":null,"restriction":"off","status":"on","media-theme":"PV","media-abbreviate":"PV","media-id":"332","media-thumble-small":"\/files\/old\/Radio\/Image_PV_portail-compressed.jpg","media-thumble-medium":"\/files\/old\/Radio\/Image_PV_portail-compressed.jpg","media-thumble-large":"\/files\/old\/Radio\/Image_PV_portail-compressed.jpg","media-host":"espoir-media.org","media-host-id":"332","date":"2018-09-26 20:12:34","updated":"2018-09-28 18:24:23","online":null,"type":"audios","benchmark":"0.009061"}

Qui sommes-nous réellement ?

332. Qui sommes-nous réellement ?
