{"id":"1491","title":"La vie de J\u00e9sus se vie de l'int\u00e9rieur","name":"La vie de J\u00e9sus se vie de l'int\u00e9rieur","description":"345. La vie de J\u00e9sus se vie de l'int\u00e9rieur","keys":"","content":"345. La vie de J\u00e9sus se vie de l'int\u00e9rieur","alias":"la-vie-de-jesus-se-vie-de-l-interieur","tumble":null,"link":null,"restriction":"off","status":"on","media-theme":"PV","media-abbreviate":"PV","media-id":"345","media-thumble-small":"\/files\/old\/Radio\/Image_PV_portail-compressed.jpg","media-thumble-medium":"\/files\/old\/Radio\/Image_PV_portail-compressed.jpg","media-thumble-large":"\/files\/old\/Radio\/Image_PV_portail-compressed.jpg","media-host":"espoir-media.org","media-host-id":"345","date":"2018-09-26 20:12:35","updated":"2018-09-28 18:24:23","online":null,"type":"audios","benchmark":"0.009506"}

La vie de Jésus se vie de l'intérieur

345. La vie de Jésus se vie de l'intérieur
