{"id":"1492","title":"Dans l'intimit\u00e9 du P\u00e8re","name":"Dans l'intimit\u00e9 du P\u00e8re","description":"346. Dans l'intimit\u00e9 du P\u00e8re","keys":"","content":"346. Dans l'intimit\u00e9 du P\u00e8re","alias":"dans-l-intimite-du-pere","tumble":null,"link":null,"restriction":"off","status":"on","media-theme":"PV","media-abbreviate":"PV","media-id":"346","media-thumble-small":"\/files\/old\/Radio\/Image_PV_portail-compressed.jpg","media-thumble-medium":"\/files\/old\/Radio\/Image_PV_portail-compressed.jpg","media-thumble-large":"\/files\/old\/Radio\/Image_PV_portail-compressed.jpg","media-host":"espoir-media.org","media-host-id":"346","date":"2018-09-26 20:12:35","updated":"2018-09-28 18:24:23","online":null,"type":"audios","benchmark":"0.009579"}

Dans l'intimité du Père

346. Dans l'intimité du Père
