{"id":"1501","title":"Pardon et r\u00e9conciliation","name":"Pardon et r\u00e9conciliation","description":"355. Pardon et r\u00e9conciliation","keys":"","content":"355. Pardon et r\u00e9conciliation","alias":"pardon-et-reconciliation","tumble":null,"link":null,"restriction":"off","status":"on","media-theme":"PV","media-abbreviate":"PV","media-id":"355","media-thumble-small":"\/files\/old\/Radio\/Image_PV_portail-compressed.jpg","media-thumble-medium":"\/files\/old\/Radio\/Image_PV_portail-compressed.jpg","media-thumble-large":"\/files\/old\/Radio\/Image_PV_portail-compressed.jpg","media-host":"espoir-media.org","media-host-id":"355","date":"2018-09-26 20:12:35","updated":"2018-09-28 18:24:23","online":null,"type":"audios","benchmark":"0.009474"}

Pardon et réconciliation

355. Pardon et réconciliation
