{"id":"1508","title":"La manifestation de la gr\u00e2ce","name":"La manifestation de la gr\u00e2ce","description":"362. La manifestation de la gr\u00e2ce","keys":"","content":"362. La manifestation de la gr\u00e2ce","alias":"la-manifestation-de-la-grace","tumble":null,"link":null,"restriction":"off","status":"on","media-theme":"PV","media-abbreviate":"PV","media-id":"362","media-thumble-small":"\/files\/old\/Radio\/Image_PV_portail-compressed.jpg","media-thumble-medium":"\/files\/old\/Radio\/Image_PV_portail-compressed.jpg","media-thumble-large":"\/files\/old\/Radio\/Image_PV_portail-compressed.jpg","media-host":"espoir-media.org","media-host-id":"362","date":"2018-09-26 20:12:35","updated":"2018-09-28 18:24:23","online":null,"type":"audios","benchmark":"0.009340"}

La manifestation de la grâce

362. La manifestation de la grâce
