{"id":"1513","title":"Li\u00e9 et d\u00e9li\u00e9","name":"Li\u00e9 et d\u00e9li\u00e9","description":"367. Li\u00e9 et d\u00e9li\u00e9","keys":"","content":"367. Li\u00e9 et d\u00e9li\u00e9","alias":"lie-et-delie","tumble":null,"link":null,"restriction":"off","status":"on","media-theme":"PV","media-abbreviate":"PV","media-id":"367","media-thumble-small":"\/files\/old\/Radio\/Image_PV_portail-compressed.jpg","media-thumble-medium":"\/files\/old\/Radio\/Image_PV_portail-compressed.jpg","media-thumble-large":"\/files\/old\/Radio\/Image_PV_portail-compressed.jpg","media-host":"espoir-media.org","media-host-id":"367","date":"2018-09-26 20:12:35","updated":"2018-09-28 18:24:23","online":null,"type":"audios","benchmark":"0.009084"}

Lié et délié

367. Lié et délié
