{"id":"1524","title":"Un esprit diff\u00e9rant","name":"Un esprit diff\u00e9rant","description":"378. Un esprit diff\u00e9rant","keys":"","content":"378. Un esprit diff\u00e9rant","alias":"un-esprit-differant","tumble":null,"link":null,"restriction":"off","status":"on","media-theme":"PV","media-abbreviate":"PV","media-id":"378","media-thumble-small":"\/files\/old\/Radio\/Image_PV_portail-compressed.jpg","media-thumble-medium":"\/files\/old\/Radio\/Image_PV_portail-compressed.jpg","media-thumble-large":"\/files\/old\/Radio\/Image_PV_portail-compressed.jpg","media-host":"espoir-media.org","media-host-id":"378","date":"2018-09-26 20:12:35","updated":"2018-09-28 18:24:23","online":null,"type":"audios","benchmark":"0.009479"}

Un esprit différant

378. Un esprit différant
