{"id":"1571","title":"Quelles pens\u00e9es ai-je de moi-m\u00eame","name":"0425: Quelles pens\u00e9es ai-je de moi-m\u00eame","description":"425. Quelles pens\u00e9es ai-je de moi-m\u00eame","keys":"","content":"425. Quelles pens\u00e9es ai-je de moi-m\u00eame","alias":"0425-quelles-pensees-ai-je-de-moi-meme","tumble":null,"link":null,"restriction":"off","status":"on","media-theme":"PV","media-abbreviate":"PV","media-id":"425","media-thumble-small":"\/files\/old\/Radio\/Image_PV_portail-compressed.jpg","media-thumble-medium":"\/files\/old\/Radio\/Image_PV_portail-compressed.jpg","media-thumble-large":"\/files\/old\/Radio\/Image_PV_portail-compressed.jpg","media-host":"espoir-media.org","media-host-id":"425","date":"2018-09-26 20:12:35","updated":"2018-09-28 18:24:23","online":null,"type":"audios","benchmark":"0.009246"}

Quelles pensées ai-je de moi-même

0425: Quelles pensées ai-je de moi-même

425. Quelles pensées ai-je de moi-même
