{"id":"1574","title":"Suis-je pr\u00eat \u00e0 d\u00e9velopper ma communion avec Dieu","name":"0428: Suis-je pr\u00eat \u00e0 d\u00e9velopper ma communion avec Dieu","description":"428. Suis-je pr\u00eat \u00e0 d\u00e9velopper ma communion avec Dieu","keys":"","content":"428. Suis-je pr\u00eat \u00e0 d\u00e9velopper ma communion avec Dieu","alias":"0428-suis-je-pret-a-developper-ma-communion-avec-dieu","tumble":null,"link":null,"restriction":"off","status":"on","media-theme":"PV","media-abbreviate":"PV","media-id":"428","media-thumble-small":"\/files\/old\/Radio\/Image_PV_portail-compressed.jpg","media-thumble-medium":"\/files\/old\/Radio\/Image_PV_portail-compressed.jpg","media-thumble-large":"\/files\/old\/Radio\/Image_PV_portail-compressed.jpg","media-host":"espoir-media.org","media-host-id":"428","date":"2018-09-26 20:12:35","updated":"2018-09-28 18:24:23","online":null,"type":"audios","benchmark":"0.009598"}

Suis-je prêt à développer ma communion avec Dieu

0428: Suis-je prêt à développer ma communion avec Dieu

428. Suis-je prêt à développer ma communion avec Dieu
