{"id":"1645","title":"\u00catre le sel et la lumi\u00e8re Partie A","name":"\u00catre le sel et la lumi\u00e8re Partie A","description":"499. \u00catre le sel et la lumi\u00e8re Partie A","keys":"","content":"499. \u00catre le sel et la lumi\u00e8re Partie A","alias":"etre-le-sel-et-la-lumiere-partie-a","tumble":null,"link":null,"restriction":"off","status":"on","media-theme":"PV","media-abbreviate":"PV","media-id":"499","media-thumble-small":"\/files\/old\/Radio\/Image_PV_portail-compressed.jpg","media-thumble-medium":"\/files\/old\/Radio\/Image_PV_portail-compressed.jpg","media-thumble-large":"\/files\/old\/Radio\/Image_PV_portail-compressed.jpg","media-host":"espoir-media.org","media-host-id":"499","date":"2018-09-26 20:12:36","updated":"2018-09-28 18:24:23","online":null,"type":"audios","benchmark":"0.009058"}

Être le sel et la lumière Partie A

499. Être le sel et la lumière Partie A
